mainder when 22959 is divided by 680.
519
What is the remainder when 7216 is divided by 1408?
176
What is the remainder when 60963 is divided by 11?
1
Calculate the remainder when 358070 is divided by 26.
24
What is the remainder when 3796 is divided by 756?
16
What is the remainder when 382131 is divided by 23882?
19
Calculate the remainder when 548097 is divided by 270.
267
What is the remainder when 3389 is divided by 239?
43
Calculate the remainder when 31908 is divided by 43.
2
What is the remainder when 2235 is divided by 742?
9
Calculate the remainder when 152 is divided by 13.
9
Calculate the remainder when 27877 is divided by 569.
565
What is the remainder when 34824 is divided by 92?
48
Calculate the remainder when 36390 is divided by 6043.
132
Calculate the remainder when 19600 is divided by 311.
7
What is the remainder when 9425 is divided by 722?
39
Calculate the remainder when 4832 is divided by 496.
368
What is the remainder when 3148 is divided by 159?
127
Calculate the remainder when 2458 is divided by 79.
9
Calculate the remainder when 3425 is divided by 1120.
65
What is the remainder when 3708 is divided by 110?
78
What is the remainder when 8561 is divided by 96?
17
Calculate the remainder when 17683 is divided by 1471.
31
What is the remainder when 2518 is divided by 66?
10
What is the remainder when 252739 is divided by 621?
613
What is the remainder when 382 is divided by 351?
31
What is the remainder when 1566 is divided by 1007?
559
Calculate the remainder when 544 is divided by 76.
12
What is the remainder when 572824 is divided by 288?
280
What is the remainder when 85019 is divided by 4?
3
Calculate the remainder when 527 is divided by 82.
35
What is the remainder when 20003 is divided by 1261?
1088
Calculate the remainder when 11478 is divided by 11382.
96
What is the remainder when 72897 is divided by 890?
807
Calculate the remainder when 9371 is divided by 47.
18
Calculate the remainder when 23698 is divided by 4555.
923
Calculate the remainder when 26467 is divided by 332.
239
What is the remainder when 63243 is divided by 12632?
83
Calculate the remainder when 4759 is divided by 527.
16
What is the remainder when 333555 is divided by 54?
51
What is the remainder when 26755 is divided by 595?
575
Calculate the remainder when 91977 is divided by 45.
42
What is the remainder when 300086 is divided by 30008?
6
What is the remainder when 509179 is divided by 1129?
0
What is the remainder when 13617 is divided by 1465?
432
What is the remainder when 1996 is divided by 18?
16
What is the remainder when 30578 is divided by 407?
53
What is the remainder when 9820 is divided by 21?
13
What is the remainder when 69155 is divided by 34575?
5
What is the remainder when 9023 is divided by 334?
5
What is the remainder when 8389 is divided by 284?
153
Calculate the remainder when 6001 is divided by 11.
6
What is the remainder when 15223 is divided by 3041?
18
Calculate the remainder when 464149 is divided by 14504.
21
Calculate the remainder when 85493 is divided by 157.
85
What is the remainder when 15394 is divided by 7366?
662
Calculate the remainder when 10592 is divided by 85.
52
Calculate the remainder when 78624 is divided by 39309.
6
What is the remainder when 255076 is divided by 111?
109
What is the remainder when 16030 is divided by 335?
285
Calculate the remainder when 178751 is divided by 21.
20
What is the remainder when 14556 is divided by 1810?
76
What is the remainder when 1447 is divided by 228?
79
Calculate the remainder when 446 is divided by 64.
62
Calculate the remainder when 6459 is divided by 229.
47
What is the remainder when 2319 is divided by 120?
39
What is the remainder when 160960 is divided by 127?
51
Calculate the remainder when 42243 is divided by 1409.
1382
Calculate the remainder when 2697 is divided by 151.
130
What is the remainder when 316714 is divided by 15?
4
What is the remainder when 2344 is divided by 823?
698
Calculate the remainder when 2096 is divided by 150.
146
Calculate the remainder when 277717 is divided by 1251.
1246
What is the remainder when 395 is divided by 324?
71
Calculate the remainder when 37430 is divided by 243.
8
What is the remainder when 35465 is divided by 8630?
945
Calculate the remainder when 272371 is divided by 78.
73
Calculate the remainder when 47801 is divided by 189.
173
Calculate the remainder when 2165 is divided by 2156.
9
What is the remainder when 22292 is divided by 13?
10
Calculate the remainder when 87308 is divided by 29100.
8
Calculate the remainder when 109452 is divided by 11.
2
Calculate the remainder when 84930 is divided by 42366.
198
What is the remainder when 541 is divided by 429?
112
What is the remainder when 1420 is divided by 86?
44
What is the remainder when 122315 is divided by 110?
105
What is the remainder when 533806 is divided by 266902?
2
Calculate the remainder when 223076 is divided by 243.
2
What is the remainder when 853476 is divided by 33?
30
What is the remainder when 10219 is divided by 142?
137
What is the remainder when 105021 is divided by 260?
241
Calculate the remainder when 1639402 is divided by 124.
122
What is the remainder when 2450 is divided by 677?
419
Calculate the remainder when 8573 is divided by 713.
17
What is the remainder when 4302 is divided by 175?
102
What is the remainder when 199245 is divided by 24?
21
What is the remainder when 11980 is divided by 920?
20
Calculate the remainder when 9148 is divided by 657.
607
Calculate the remainder when 4501 is divided by 67.
12
What is the remainder when 1276797 is divided by 210?
207
Calculate the remainder when 48840 is divided by 175.
15
What is the remainder when 10729 is divided by 1180?
109
What is the remainder when 292581 is divided by 15397?
38
What is the remainder when 120 is divided by 10?
0
Calculate the remainder when 3144 is divided by 1359.
426
Calculate the remainder when 31033 is divided by 555.
508
What is the remainder when 15522 is divided by 674?
20
Calculate the remainder when 1518 is divided by 48.
30
What is the remainder when 169253 is divided by 19?
1
What is the remainder when 2487009 is divided by 166?
163
Calculate the remainder when 25049 is divided by 25.
24
Calculate the remainder when 153557 is divided by 116.
89
What is the remainder when 260 is divided by 138?
122
What is the remainder when 18153 is divided by 26?
5
What is the remainder when 68678 is divided by 10?
8
What is the remainder when 5155 is divided by 72?
43
Calculate the remainder when 104901 is divided by 188.
185
Calculate the remainder when 47448 is divided by 11.
5
What is the remainder when 1924 is divided by 148?
0
What is the remainder when 6000 is divided by 1472?
112
Calculate the remainder when 12657 is divided by 159.
96
Calculate the remainder when 2934139 is divided by 44.
43
What is the remainder when 113511 is divided by 28375?
11
What is the remainder when 11601 is divided by 2193?
636
What is the remainder when 9875 is divided by 1171?
507
What is the remainder when 14075 is divided by 27?
8
Calculate the remainder when 3239 is divided by 324.
323
Calculate the remainder when 679112 is divided by 102.
98
What is the remainder when 191265 is divided by 252?
249
What is the remainder when 20620 is divided by 41?
38
What is the remainder when 24398 is divided by 122?
120
What is the remainder when 10762 is divided by 846?
610
Calculate the remainder when 12461 is divided by 1557.
5
Calculate the remainder when 5417 is divided by 155.
147
Calculate the remainder when 43637 is divided by 287.
13
Calculate the remainder when 31130 is divided by 615.
380
What is the remainder when 8332 is divided by 37?
7
What is the remainder when 973 is divided by 219?
97
Calculate the remainder when 21252 is divided by 1861.
781
Calculate the remainder when 15633 is divided by 2605.
3
What is the remainder when 1004830 is divided by 432?
430
What is the remainder when 74589 is divided by 12428?
21
What is the remainder when 8788 is divided by 490?
458
What is the remainder when 55476 is divided by 5043?
3
Calculate the remainder when 20302 is divided by 6729.
115
Calculate the remainder when 216439 is divided by 167.
7
What is the remainder when 10974 is 